 281. Suppose -g - 41 = -5*w. What is the remainder when w is divided by 5?
0
Suppose 4*k = -2*w + 1348, 683 = 4*w - 3*w + 5*k. What is the remainder when w is divided by 32?
28
Let l(o) = -o**3 - 7*o**2 + 7*o + 14. What is the remainder when 56 is divided by l(-8)?
12
Let h(t) = t**3 - 8*t**2 + 11*t - 8. Calculate the remainder when 316 is divided by h(8).
76
Let m = -239 - -251. Calculate the remainder when 25 is divided by m.
1
Suppose -222*b = -220*b - 26. What is the remainder when 623 is divided by b?
12
Calculate the remainder when 457 is divided by -8 + 1 + -1 + 2 + 57.
49
Suppose -u + a = -11, -12*u - 5*a - 7 = -13*u. Suppose -x + 51 = -2*y + 13, -2*x + 5*y + 78 = 0. Calculate the remainder when x is divided by u.
10
Let h(m) = -m**3 - 16*m**2 - 19*m - 44. Let j(l) = -7*l - 5. What is the remainder when j(-5) is divided by h(-15)?
14
Let u(p) be the first derivative of p**4/4 + 7*p**3/3 - 9*p**2/2 + 6*p - 3. Let l be 6/(-15)*20/1. What is the remainder when 41 is divided by u(l)?
13
Let b = -10 - -6. Let i be (52/(-10))/(b/10). Let a(k) = -k**2 + 14*k - 9. Calculate the remainder when 11 is divided by a(i).
3
Suppose -98*n + 132 = -87*n. Calculate the remainder when n is divided by 5.
2
Calculate the remainder when 703 is divided by (48/56 - (-2)/14)*64.
63
Let j be (-128)/(-7) - 28/98. Suppose 3*n + j = -18. Calculate the remainder when 13 is divided by 12/(-8)*64/n.
5
Suppose -2*w - 152 = -10*w. What is the remainder when 42 is divided by w?
4
Suppose p - 8*p + 560 = 0. Calculate the remainder when p is divided by ((5 - 4) + 4)*56/10.
24
Let y(l) = -l**3 + 6*l**2 + 9*l - 3. Let c be y(6). Suppose -c = 2*a - 161. Suppose -29 = -2*j - 1. What is the remainder when a is divided by j?
13
Let c(m) = -m + 32. Let g be (-3)/3*(-14 - 1*-1). Calculate the remainder when 50 is divided by c(g).
12
Let h = 23 - 17. What is the remainder when h is divided by 1/(-2)*-2*-1*-3?
0
Let h = 12 - 9. Suppose v = -h*v + 12. Suppose -2*q - 2*q + v*m = -65, 31 = 2*q - 3*m. Calculate the remainder when 67 is divided by q.
16
Suppose 4*h + 202 = -177*n + 179*n, 2 = 2*h. What is the remainder when 614 is divided by n?
99
Suppose z - 2 = r + 5, 5*z = -3*r + 67. Calculate the remainder when 305 is divided by z.
8
Suppose 0 = 4*y + 2*y - 6. Let q = 10 - y. Calculate the remainder when 35 is divided by q.
8
Let n(b) = 4*b**2 - b - 2. Let h = -5359 - -5449. What is the remainder when h is divided by n(3)?
28
Let n(f) = -10*f**3 - f**2 - f. Suppose -5*t + 3*g - 42 = -0*t, 3*t = -2*g - 10. What is the remainder when n(-1) is divided by (2/(-30)*t)/(3/45)?
4
Let h(g) = 22*g**2 + 2*g - 3. Let z = -34 + 39. Suppose 2*n = -z*j + 15 + 6, -2*j = -5*n + 125. Calculate the remainder when h(2) is divided by n.
20
Let b be 30/(-7) + 2/7. Let u(o) = -5*o - 5 + 3 - 4. What is the remainder when 26 is divided by u(b)?
12
Let y(o) = 2 + 4*o - 6*o - 1 + o. Let l be y(4). What is the remainder when 3 is divided by 2 + -2 - (l - -1)?
1
Suppose -22*u = -15*u - 364. What is the remainder when 255 is divided by u?
47
Calculate the remainder when (-13908)/(-84) - (-28)/(-49) is divided by 71.
23
Let g = -1223 + 1322. Suppose 2*n + v = 38, 0*n + 3*n + 4*v - 67 = 0. What is the remainder when g is divided by n?
14
Suppose 14*r - 960 - 762 = 0. Calculate the remainder when r is divided by 25.
23
Suppose s + 2*w - w - 3 = 0, 0 = -5*w. Let u(j) = 4*j**2 - 13. What is the remainder when u(s) is divided by (-4)/30 + 1274/105?
11
Let z = -44 + 66. Calculate the remainder when 129 is divided by z.
19
Let x(b) be the first derivative of -4*b**2 + 12*b + 1/3*b**3 + 2. What is the remainder when x(10) is divided by 17?
15
Suppose -99*a + 93*a + 54 = 0. Let s(f) = -f**2 + 9*f + 10. What is the remainder when s(7) is divided by a?
6
Suppose 0 = -0*o + o - 6. Let y = 79 - 97. What is the remainder when o is divided by ((-14)/(-21))/((-4)/y)?
0
Suppose i = f - 19, -4*i = 2*f - 8*i - 46. Let y = 186 + -83. What is the remainder when y is divided by f?
13
Suppose 2*n + 0*n = 14. Suppose 1 - 10 = -3*v. What is the remainder when n is divided by v?
1
What is the remainder when 126 is divided by -2 + (-55)/(-30) - (-398)/12?
27
Suppose 10*y = 14*y + 4*s - 872, -4*y + 2*s + 854 = 0. Calculate the remainder when y is divided by 58.
41
Suppose -3*q - 21 = -3*i, 0 = -3*i - 0*q - 3*q + 33. What is the remainder when i is divided by 7?
2
Suppose 4*v + 34 = 98. What is the remainder when 27 is divided by v?
11
Let g(v) = -v**3 - 22*v**2 - 116*v - 1. Calculate the remainder when 909 is divided by g(-7).
73
Let f be ((-14)/(-5))/(4/(-40)). Let n = 71 + f. Calculate the remainder when n is divided by 24.
19
Suppose -3*g = 123 - 534. Calculate the remainder when g is divided by 30.
17
Let x = -62 + 135. Suppose p - 9 = -2*w, 5*p - 4*w = -0*w + x. Suppose p = -t - 2*b - 3*b, 2*t - 29 = b. Calculate the remainder when t is divided by 7.
5
Let f(y) = y**3 + y**2 + 11*y + 19. What is the remainder when f(6) is divided by 26?
25
Let l(b) = 2*b - 20. Let t be l(8). What is the remainder when 40 is divided by (11/t)/(1/(-4))?
7
Let o = 3 + 5. Suppose -4*q + d = o + 29, -43 = 4*q + d. Let a = q + 40. What is the remainder when 119 is divided by a?
29
Let f = -1362 - -1376. What is the remainder when 45 is divided by f?
3
What is the remainder when 4/20*2 + 258/5 is divided by 5?
2
Suppose -24 = -o - 2*o. Suppose 4*j = o - 32. Calculate the remainder when ((-2)/j)/((-6)/(-774)) is divided by 9.
7
Suppose 0*a = -4*a + 160. Suppose -2*x + a = 8. Calculate the remainder when 61 is divided by x.
13
Let t(v) = -v**2 + 3*v + 6. Let j be t(6). Let s be 3/j + 34/8. Suppose s*y + 10 = 42. Calculate the remainder when 15 is divided by y.
7
Calculate the remainder when 129 is divided by ((-1)/((-2)/3))/(3/138).
60
Let b(h) = -h + 20. Suppose 8*v - 11*v = -18. What is the remainder when -41*(0 + -1 + 0) is divided by b(v)?
13
Calculate the remainder when 206 is divided by 71 - 1 - -3 - 3.
66
Let y be (-83)/(-2) - (-9)/(-18). Suppose 239 = 4*x + 5*u - 0*u, -x + 5*u = -y. What is the remainder when x is divided by 20?
16
Suppose -z + 2*z = 3. Suppose -11*w + 160 = -z*w. What is the remainder when 32 is divided by w?
12
Let f(x) = x**3 + 14*x**2 - 56*x + 3. Calculate the remainder when f(-17) is divided by 15.
13
Let j(w) = w**3 + w**2 - 30*w + 26. Calculate the remainder when 804 is divided by j(5).
24
Let i(b) be the third derivative of 7/6*b**3 + 1/120*b**6 + 0*b - 1/20*b**5 - 1/8*b**4 + 0 + 7*b**2. What is the remainder when i(5) is divided by 22?
20
Let s = 302 + -291. What is the remainder when 63/2 - 2/(-4) is divided by s?
10
Suppose 10*g - 25 = 395. Let j = 54 - g. What is the remainder when 32 is divided by j?
8
Let p = -5 - -8. Suppose 27 = 5*b - 28. Calculate the remainder when b is divided by p.
2
Let z = -195 + 218. Calculate the remainder when 113 is divided by z.
21
Suppose -3*c + f - 9 = c, 0 = 5*c - 5*f + 15. Let g = c - -13. Suppose v - 124 = -3*v. Calculate the remainder when v is divided by g.
9
What is the remainder when (-20)/(-15) + (-3)/((-18)/640) is divided by 50?
8
Let i(v) = v**3 + 14. Suppose -5*l = -77 - 43. Calculate the remainder when l is divided by i(0).
10
Let b be (-64)/(-6) + 6/(-9). Let n = 13 - b. What is the remainder when n*(0 + (3 - 1)) is divided by 3?
0
Suppose -2*a - a = -15. Suppose 27 = -a*k + 7. Calculate the remainder when (-450)/(-24) + (-1)/k is divided by 7.
5
Suppose 50*q - 53*q + 39 = 0. Calculate the remainder when 19 is divided by q.
6
Suppose -5*k + 64 = -41. Let p = k + 18. Let n = p - 19. What is the remainder when n is divided by 11?
9
Let s = 17 - -45. Suppose 0 = 3*u - 5*j - 50, 0 = 5*u - 2*u + j - s. What is the remainder when 55 is divided by u?
15
Suppose 23 = -2*w + 57. Let l = w - 10. What is the remainder when l is divided by 4?
3
Let y(l) = -l - 3. Let p(d) = -d - 3. Let x(i) = 6*p(i) - 7*y(i). Let r = 14 - 15. What is the remainder when 7 is divided by x(r)?
1
Suppose 3*a - 450 = -13*o, -5*o = -4*a + 434 + 99. Calculate the remainder when a is divided by (-1)/3 - (-85)/3.
25
Suppose -4*w = -15*w + 539. Let i = w - 43. Calculate the remainder when 19 is divided by i.
1
Suppose -6*n = n - 350. Let s = n - 18. Calculate the remainder when s is divided by 1/(-2) - (-105)